{"id":2581,"date":"2024-09-11T12:24:12","date_gmt":"2024-09-11T10:24:12","guid":{"rendered":"https:\/\/sogecom.sogelux.net\/?post_type=product&#038;p=2581"},"modified":"2024-09-11T12:24:13","modified_gmt":"2024-09-11T10:24:13","slug":"double-allumage-10ax-blanc-ub2020wh","status":"publish","type":"product","link":"https:\/\/sogecom.sogelux.net\/?product=double-allumage-10ax-blanc-ub2020wh","title":{"rendered":"DOUBLE ALLUMAGE 10AX BLANC &#8211; UB2020WH"},"content":{"rendered":"<div class=\"sidebar-bar-pdp-container mb-4 overflow-hidden\">\n<div class=\"js-show-docs-docs-pdp-content d-sm-block\">\n<div class=\"row\">\n<div class=\"col-sm-6\">\n<h3 class=\"h4 title-divider d-none d-sm-block\">Description<\/h3>\n<p>L&#8217;interrupteur double allumage vous permet de commander deux \u00e9clairages. Une seule borne d&#8217;ent\u00e9e (phase)<br \/>\nSon format monobloc en fait un produit complet pr\u00eat \u00e0 \u00eatre install\u00e9.<\/p>\n<div class=\"mb-4\">\n<h5>Caract\u00e9ristiques produit<\/h5>\n<ul class=\"pl-3 list-style-disc\">\n<li>Grande endurance du m\u00e9canisme test\u00e9 au del\u00e0 de 10.000 man\u0153uvres<\/li>\n<li>Produit livr\u00e9 complet: fixation \u00e0 vis ou \u00e0 griffes<\/li>\n<li>Bornes de raccordement serrage \u00e0 vis<\/li>\n<li>Rattrapage angulaire (+\/-10\u00b0) facilitant la mise \u00e0 niveau du m\u00e9canisme.<\/li>\n<li>Blanc: RAL 9003<\/li>\n<\/ul>\n<\/div>\n<h5>Recommandations \/ restrictions d\u2019usages<\/h5>\n<ul class=\"pl-3 list-style-disc\">\n<li>Usage en int\u00e9rieur uniquement<\/li>\n<\/ul>\n<\/div>\n<div class=\"col-sm-6\">\n<div class=\"sidebar-bar-pdp\">\n<div class=\"theiaStickySidebar\">\n<div class=\"bg-powder-blue sidebar-bar-pdp-body\">\n<div class=\"sidebar-bar-pdp-text\">\n<h3 class=\"h4 title-divider\">Les plus produits<\/h3>\n<div class=\"mb-4\">\n<h5>Les + installation<\/h5>\n<ul class=\"pl-3 list-style-disc\">\n<li>Son encombrement r\u00e9duit et les bornes identifi\u00e9es permettent une pose sans efforts<\/li>\n<\/ul>\n<\/div>\n<div class=\"mb-4\">\n<h5>Les + utilisation<\/h5>\n<ul class=\"pl-3 list-style-disc\">\n<li>Texture resistante aux rayures, et UV, surfaces \u00e0 nettoyage facile<\/li>\n<\/ul>\n<\/div>\n<h5>Avantages<\/h5>\n<ul class=\"pl-3 list-style-disc\">\n<li>La premi\u00e8re gamme qui propose un design moderne, rond dans le carr\u00e9, pour un produit \u00e9conomique<\/li>\n<li>La s\u00e9curit\u00e9 legrand avec un chassis plastique isolant et aux formes arrondies pour limiter les riques de blessure lors de la mise en oeuvre<\/li>\n<li>Existe en deux couleurs : blanc satin\u00e9 pour un usage universel et gris urbain pour les espaces modernes<\/li>\n<\/ul>\n<\/div>\n<\/div>\n<\/div>\n<\/div>\n<\/div>\n<\/div>\n<\/div>\n<\/div>\n<div class=\"mt-4\">\n<h3 class=\"h4 title-divider\">Caract\u00e9ristiques techniques<\/h3>\n<div class=\"row\">\n<div class=\"col-sm-6\">\n<table class=\"table table-striped table-borderless table-two-column mb-4\">\n<tbody>\n<tr>\n<th>Type de commutation<\/th>\n<td>Interrupteur double<\/td>\n<\/tr>\n<tr>\n<th>Type de commande<\/th>\n<td>Bascule\/bouton<\/td>\n<\/tr>\n<tr>\n<th>Composition<\/th>\n<td>M\u00e9canisme complet avec plaque<\/td>\n<\/tr>\n<tr>\n<th>Nombre de modules (construction modulaire)<\/th>\n<td>2<\/td>\n<\/tr>\n<tr>\n<th>Interrupteur \u00e0 bouton-poussoir<\/th>\n<td>Non<\/td>\n<\/tr>\n<tr>\n<th>Nombre de bascules d&#8217;actionnement<\/th>\n<td>2<\/td>\n<\/tr>\n<tr>\n<th>Mode de pose<\/th>\n<td>Encastr\u00e9<\/td>\n<\/tr>\n<tr>\n<th>Type de fixation<\/th>\n<td>Fixation \u00e0 griffes\/vis<\/td>\n<\/tr>\n<tr>\n<th>Avec cadre\/support de montage<\/th>\n<td>Oui<\/td>\n<\/tr>\n<tr>\n<th>Mat\u00e9riau<\/th>\n<td>Plastique<\/td>\n<\/tr>\n<tr>\n<th>Qualit\u00e9 du mat\u00e9riau<\/th>\n<td>Thermoplastique<\/td>\n<\/tr>\n<tr>\n<th>Sans halog\u00e8ne<\/th>\n<td>Oui<\/td>\n<\/tr>\n<tr>\n<th>Traitement antimicrobien<\/th>\n<td>Non<\/td>\n<\/tr>\n<tr>\n<th>Type de traitement de la surface<\/th>\n<td>Non trait\u00e9<\/td>\n<\/tr>\n<tr>\n<th>Finition de la surface<\/th>\n<td>Mat<\/td>\n<\/tr>\n<tr>\n<th>Couleur<\/th>\n<td>Blanc<\/td>\n<\/tr>\n<tr>\n<th>Num\u00e9ro RAL (\u00e9quivalent)<\/th>\n<td>9003<\/td>\n<\/tr>\n<tr>\n<th>Couleur de l&#8217;op\u00e9rateur de commutation<\/th>\n<td>Blanc<\/td>\n<\/tr>\n<tr>\n<th>Zone de texte\/surface d&#8217;inscription<\/th>\n<td>Non<\/td>\n<\/tr>\n<tr>\n<th>Voyant<\/th>\n<td>Non<\/td>\n<\/tr>\n<tr>\n<th>Type d&#8217;\u00e9clairage<\/th>\n<td>Autre<\/td>\n<\/tr>\n<tr>\n<th>Adapt\u00e9 \u00e0 la classe de protection (IP)<\/th>\n<td>IP20<\/td>\n<\/tr>\n<tr>\n<th>R\u00e9sistance aux chocs (IK)<\/th>\n<td>IK04<\/td>\n<\/tr>\n<\/tbody>\n<\/table>\n<\/div>\n<div class=\"col-sm-6\">\n<table class=\"table table-striped table-borderless table-two-column mb-4\">\n<tbody>\n<tr>\n<th>Tension nominale<\/th>\n<td>250 V<\/td>\n<\/tr>\n<tr>\n<th>Calibre\/courant nominal assign\u00e9 (In)<\/th>\n<td>10 A<\/td>\n<\/tr>\n<tr>\n<th>Courant de commutation pour lampes fluorescentes<\/th>\n<td>10 AX<\/td>\n<\/tr>\n<tr>\n<th>Contact de report<\/th>\n<td>Non<\/td>\n<\/tr>\n<tr>\n<th>Type de connexion<\/th>\n<td>Borne \u00e0 vis<\/td>\n<\/tr>\n<tr>\n<th>Interrupteur de chauffage<\/th>\n<td>Non<\/td>\n<\/tr>\n<tr>\n<th>Interrupteur de machine \u00e0 laver<\/th>\n<td>Non<\/td>\n<\/tr>\n<tr>\n<th>Largeur d&#8217;appareil<\/th>\n<td>80 mm<\/td>\n<\/tr>\n<tr>\n<th>Hauteur d&#8217;appareil<\/th>\n<td>80 mm<\/td>\n<\/tr>\n<tr>\n<th>Profondeur d&#8217;appareil<\/th>\n<td>40.3 mm<\/td>\n<\/tr>\n<tr>\n<th>Profondeur d&#8217;encastrement<\/th>\n<td>25.5 mm<\/td>\n<\/tr>\n<tr>\n<th>Profondeur min. de la bo\u00eete d&#8217;encastrement<\/th>\n<td>25.5 mm<\/td>\n<\/tr>\n<tr>\n<th>Compatible avec Apple HomeKit<\/th>\n<td>Non<\/td>\n<\/tr>\n<tr>\n<th>Compatible avec Google Assistant<\/th>\n<td>Non<\/td>\n<\/tr>\n<tr>\n<th>Compatible avec Amazon Alexa<\/th>\n<td>Non<\/td>\n<\/tr>\n<tr>\n<th>Compatible IFTTT<\/th>\n<td>Non<\/td>\n<\/tr>\n<tr>\n<th>Temperature d&#8217;utilisation \/d&#8217;installation<\/th>\n<td>-5-40 \u00b0C<\/td>\n<\/tr>\n<tr>\n<th>Temperature de stockage<\/th>\n<td>-10-70 \u00b0C<\/td>\n<\/tr>\n<tr>\n<th>Type de tension<\/th>\n<td>AC<\/td>\n<\/tr>\n<tr>\n<th>Fr\u00e9quence<\/th>\n<td>50-60 Hz<\/td>\n<\/tr>\n<tr>\n<th>Indication de rep\u00e9rage des bornes de raccordement<\/th>\n<td>Non<\/td>\n<\/tr>\n<tr>\n<th>Capacit\u00e9 des bornes<\/th>\n<td>1.5-2.5 mm\u00b2<\/td>\n<\/tr>\n<tr>\n<th>Nature du cable pour connexion<\/th>\n<td>Souple ou rigide<\/td>\n<\/tr>\n<\/tbody>\n<\/table>\n<\/div>\n<\/div>\n<\/div>\n","protected":false},"excerpt":{"rendered":"<p>Ref : <strong>UB2020WH\u00a0<\/strong><\/p>\n<p>Ref <strong>SOGELUX :\u00a0<\/strong><\/p>\n<p><strong><a href=\"https:\/\/www.legrand.ci\/fr\/catalogue\/interrupteur-double-allumage-10ax-urbano-finition-blanc-ub2020wh#\" target=\"_blank\" rel=\"noopener\">Fiche technique<\/a>\u00a0<\/strong><\/p>\n","protected":false},"featured_media":2582,"comment_status":"open","ping_status":"closed","template":"","meta":[],"product_cat":[135,136],"product_tag":[],"class_list":{"0":"post-2581","1":"product","2":"type-product","3":"status-publish","4":"has-post-thumbnail","6":"product_cat-interrupteurs-et-prises","7":"product_cat-interrupteurs-et-prises-legrand","8":"yith_product_brand-legrand","10":"first","11":"instock","12":"taxable","13":"shipping-taxable","14":"purchasable","15":"product-type-simple","16":"add-to-wishlist-after_add_to_cart"},"yoast_head":"<!-- This site is optimized with the Yoast SEO plugin v23.4 - https:\/\/yoast.com\/wordpress\/plugins\/seo\/ -->\n<title>DOUBLE ALLUMAGE 10AX BLANC - UB2020WH - Sogecom<\/title>\n<meta name=\"description\" content=\"L&#039;interrupteur double allumage vous permet de commander deux \u00e9clairages. Une seule borne d&#039;ent\u00e9e (phase) Son format monobloc en fait un produit complet pr\u00eat \u2026\" \/>\n<meta name=\"robots\" content=\"index, follow, max-snippet:-1, max-image-preview:large, max-video-preview:-1\" \/>\n<link rel=\"canonical\" href=\"https:\/\/sogecom.sogelux.net\/?product=double-allumage-10ax-blanc-ub2020wh\" \/>\n<meta property=\"og:locale\" content=\"fr_FR\" \/>\n<meta property=\"og:type\" content=\"article\" \/>\n<meta property=\"og:title\" content=\"DOUBLE ALLUMAGE 10AX BLANC - UB2020WH - Sogecom\" \/>\n<meta property=\"og:description\" content=\"L&#039;interrupteur double allumage vous permet de commander deux \u00e9clairages. Une seule borne d&#039;ent\u00e9e (phase) Son format monobloc en fait un produit complet pr\u00eat \u2026\" \/>\n<meta property=\"og:url\" content=\"https:\/\/sogecom.sogelux.net\/?product=double-allumage-10ax-blanc-ub2020wh\" \/>\n<meta property=\"og:site_name\" content=\"Sogecom\" \/>\n<meta property=\"article:publisher\" content=\"https:\/\/www.facebook.com\/p\/Sogelux-100050365376293\/?locale=fr_FR\" \/>\n<meta property=\"article:modified_time\" content=\"2024-09-11T10:24:13+00:00\" \/>\n<meta property=\"og:image\" content=\"https:\/\/sogecom.sogelux.net\/wp-content\/uploads\/2024\/09\/DOUBLE-ALLUMAGE-10AX-BLANC-UB2020WH.png\" \/>\n\t<meta property=\"og:image:width\" content=\"780\" \/>\n\t<meta property=\"og:image:height\" content=\"780\" \/>\n\t<meta property=\"og:image:type\" content=\"image\/png\" \/>\n<meta name=\"twitter:card\" content=\"summary_large_image\" \/>\n<meta name=\"twitter:label1\" content=\"Dur\u00e9e de lecture estim\u00e9e\" \/>\n\t<meta name=\"twitter:data1\" content=\"3 minutes\" \/>\n<script type=\"application\/ld+json\" class=\"yoast-schema-graph\">{\"@context\":\"https:\/\/schema.org\",\"@graph\":[{\"@type\":\"WebPage\",\"@id\":\"https:\/\/sogecom.sogelux.net\/?product=double-allumage-10ax-blanc-ub2020wh\",\"url\":\"https:\/\/sogecom.sogelux.net\/?product=double-allumage-10ax-blanc-ub2020wh\",\"name\":\"DOUBLE ALLUMAGE 10AX BLANC - UB2020WH - Sogecom\",\"isPartOf\":{\"@id\":\"https:\/\/sogecom.sogelux.net\/#website\"},\"primaryImageOfPage\":{\"@id\":\"https:\/\/sogecom.sogelux.net\/?product=double-allumage-10ax-blanc-ub2020wh#primaryimage\"},\"image\":{\"@id\":\"https:\/\/sogecom.sogelux.net\/?product=double-allumage-10ax-blanc-ub2020wh#primaryimage\"},\"thumbnailUrl\":\"https:\/\/sogecom.sogelux.net\/wp-content\/uploads\/2024\/09\/DOUBLE-ALLUMAGE-10AX-BLANC-UB2020WH.png\",\"datePublished\":\"2024-09-11T10:24:12+00:00\",\"dateModified\":\"2024-09-11T10:24:13+00:00\",\"description\":\"L'interrupteur double allumage vous permet de commander deux \u00e9clairages. Une seule borne d'ent\u00e9e (phase) Son format monobloc en fait un produit complet pr\u00eat \u2026\",\"breadcrumb\":{\"@id\":\"https:\/\/sogecom.sogelux.net\/?product=double-allumage-10ax-blanc-ub2020wh#breadcrumb\"},\"inLanguage\":\"fr-FR\",\"potentialAction\":[{\"@type\":\"ReadAction\",\"target\":[\"https:\/\/sogecom.sogelux.net\/?product=double-allumage-10ax-blanc-ub2020wh\"]}]},{\"@type\":\"ImageObject\",\"inLanguage\":\"fr-FR\",\"@id\":\"https:\/\/sogecom.sogelux.net\/?product=double-allumage-10ax-blanc-ub2020wh#primaryimage\",\"url\":\"https:\/\/sogecom.sogelux.net\/wp-content\/uploads\/2024\/09\/DOUBLE-ALLUMAGE-10AX-BLANC-UB2020WH.png\",\"contentUrl\":\"https:\/\/sogecom.sogelux.net\/wp-content\/uploads\/2024\/09\/DOUBLE-ALLUMAGE-10AX-BLANC-UB2020WH.png\",\"width\":780,\"height\":780},{\"@type\":\"BreadcrumbList\",\"@id\":\"https:\/\/sogecom.sogelux.net\/?product=double-allumage-10ax-blanc-ub2020wh#breadcrumb\",\"itemListElement\":[{\"@type\":\"ListItem\",\"position\":1,\"name\":\"Accueil\",\"item\":\"https:\/\/sogecom.sogelux.net\/\"},{\"@type\":\"ListItem\",\"position\":2,\"name\":\"Boutique\",\"item\":\"https:\/\/sogecom.sogelux.net\/?page_id=10\"},{\"@type\":\"ListItem\",\"position\":3,\"name\":\"DOUBLE ALLUMAGE 10AX BLANC &#8211; UB2020WH\"}]},{\"@type\":\"WebSite\",\"@id\":\"https:\/\/sogecom.sogelux.net\/#website\",\"url\":\"https:\/\/sogecom.sogelux.net\/\",\"name\":\"Sogecom sogelux\",\"description\":\"\",\"publisher\":{\"@id\":\"https:\/\/sogecom.sogelux.net\/#organization\"},\"potentialAction\":[{\"@type\":\"SearchAction\",\"target\":{\"@type\":\"EntryPoint\",\"urlTemplate\":\"https:\/\/sogecom.sogelux.net\/?s={search_term_string}\"},\"query-input\":{\"@type\":\"PropertyValueSpecification\",\"valueRequired\":true,\"valueName\":\"search_term_string\"}}],\"inLanguage\":\"fr-FR\"},{\"@type\":\"Organization\",\"@id\":\"https:\/\/sogecom.sogelux.net\/#organization\",\"name\":\"Sogecom\",\"url\":\"https:\/\/sogecom.sogelux.net\/\",\"logo\":{\"@type\":\"ImageObject\",\"inLanguage\":\"fr-FR\",\"@id\":\"https:\/\/sogecom.sogelux.net\/#\/schema\/logo\/image\/\",\"url\":\"https:\/\/sogecom.sogelux.net\/wp-content\/uploads\/2024\/07\/cropped-logo-sogelux-scaled-1.webp\",\"contentUrl\":\"https:\/\/sogecom.sogelux.net\/wp-content\/uploads\/2024\/07\/cropped-logo-sogelux-scaled-1.webp\",\"width\":2560,\"height\":697,\"caption\":\"Sogecom\"},\"image\":{\"@id\":\"https:\/\/sogecom.sogelux.net\/#\/schema\/logo\/image\/\"},\"sameAs\":[\"https:\/\/www.facebook.com\/p\/Sogelux-100050365376293\/?locale=fr_FR\",\"https:\/\/www.instagram.com\/sogelux.ci\/\",\"https:\/\/ci.linkedin.com\/company\/sogelux\"]}]}<\/script>\n<!-- \/ Yoast SEO plugin. -->","yoast_head_json":{"title":"DOUBLE ALLUMAGE 10AX BLANC - UB2020WH - Sogecom","description":"L'interrupteur double allumage vous permet de commander deux \u00e9clairages. Une seule borne d'ent\u00e9e (phase) Son format monobloc en fait un produit complet pr\u00eat \u2026","robots":{"index":"index","follow":"follow","max-snippet":"max-snippet:-1","max-image-preview":"max-image-preview:large","max-video-preview":"max-video-preview:-1"},"canonical":"https:\/\/sogecom.sogelux.net\/?product=double-allumage-10ax-blanc-ub2020wh","og_locale":"fr_FR","og_type":"article","og_title":"DOUBLE ALLUMAGE 10AX BLANC - UB2020WH - Sogecom","og_description":"L'interrupteur double allumage vous permet de commander deux \u00e9clairages. Une seule borne d'ent\u00e9e (phase) Son format monobloc en fait un produit complet pr\u00eat \u2026","og_url":"https:\/\/sogecom.sogelux.net\/?product=double-allumage-10ax-blanc-ub2020wh","og_site_name":"Sogecom","article_publisher":"https:\/\/www.facebook.com\/p\/Sogelux-100050365376293\/?locale=fr_FR","article_modified_time":"2024-09-11T10:24:13+00:00","og_image":[{"width":780,"height":780,"url":"https:\/\/sogecom.sogelux.net\/wp-content\/uploads\/2024\/09\/DOUBLE-ALLUMAGE-10AX-BLANC-UB2020WH.png","type":"image\/png"}],"twitter_card":"summary_large_image","twitter_misc":{"Dur\u00e9e de lecture estim\u00e9e":"3 minutes"},"schema":{"@context":"https:\/\/schema.org","@graph":[{"@type":"WebPage","@id":"https:\/\/sogecom.sogelux.net\/?product=double-allumage-10ax-blanc-ub2020wh","url":"https:\/\/sogecom.sogelux.net\/?product=double-allumage-10ax-blanc-ub2020wh","name":"DOUBLE ALLUMAGE 10AX BLANC - UB2020WH - Sogecom","isPartOf":{"@id":"https:\/\/sogecom.sogelux.net\/#website"},"primaryImageOfPage":{"@id":"https:\/\/sogecom.sogelux.net\/?product=double-allumage-10ax-blanc-ub2020wh#primaryimage"},"image":{"@id":"https:\/\/sogecom.sogelux.net\/?product=double-allumage-10ax-blanc-ub2020wh#primaryimage"},"thumbnailUrl":"https:\/\/sogecom.sogelux.net\/wp-content\/uploads\/2024\/09\/DOUBLE-ALLUMAGE-10AX-BLANC-UB2020WH.png","datePublished":"2024-09-11T10:24:12+00:00","dateModified":"2024-09-11T10:24:13+00:00","description":"L'interrupteur double allumage vous permet de commander deux \u00e9clairages. Une seule borne d'ent\u00e9e (phase) Son format monobloc en fait un produit complet pr\u00eat \u2026","breadcrumb":{"@id":"https:\/\/sogecom.sogelux.net\/?product=double-allumage-10ax-blanc-ub2020wh#breadcrumb"},"inLanguage":"fr-FR","potentialAction":[{"@type":"ReadAction","target":["https:\/\/sogecom.sogelux.net\/?product=double-allumage-10ax-blanc-ub2020wh"]}]},{"@type":"ImageObject","inLanguage":"fr-FR","@id":"https:\/\/sogecom.sogelux.net\/?product=double-allumage-10ax-blanc-ub2020wh#primaryimage","url":"https:\/\/sogecom.sogelux.net\/wp-content\/uploads\/2024\/09\/DOUBLE-ALLUMAGE-10AX-BLANC-UB2020WH.png","contentUrl":"https:\/\/sogecom.sogelux.net\/wp-content\/uploads\/2024\/09\/DOUBLE-ALLUMAGE-10AX-BLANC-UB2020WH.png","width":780,"height":780},{"@type":"BreadcrumbList","@id":"https:\/\/sogecom.sogelux.net\/?product=double-allumage-10ax-blanc-ub2020wh#breadcrumb","itemListElement":[{"@type":"ListItem","position":1,"name":"Accueil","item":"https:\/\/sogecom.sogelux.net\/"},{"@type":"ListItem","position":2,"name":"Boutique","item":"https:\/\/sogecom.sogelux.net\/?page_id=10"},{"@type":"ListItem","position":3,"name":"DOUBLE ALLUMAGE 10AX BLANC &#8211; UB2020WH"}]},{"@type":"WebSite","@id":"https:\/\/sogecom.sogelux.net\/#website","url":"https:\/\/sogecom.sogelux.net\/","name":"Sogecom sogelux","description":"","publisher":{"@id":"https:\/\/sogecom.sogelux.net\/#organization"},"potentialAction":[{"@type":"SearchAction","target":{"@type":"EntryPoint","urlTemplate":"https:\/\/sogecom.sogelux.net\/?s={search_term_string}"},"query-input":{"@type":"PropertyValueSpecification","valueRequired":true,"valueName":"search_term_string"}}],"inLanguage":"fr-FR"},{"@type":"Organization","@id":"https:\/\/sogecom.sogelux.net\/#organization","name":"Sogecom","url":"https:\/\/sogecom.sogelux.net\/","logo":{"@type":"ImageObject","inLanguage":"fr-FR","@id":"https:\/\/sogecom.sogelux.net\/#\/schema\/logo\/image\/","url":"https:\/\/sogecom.sogelux.net\/wp-content\/uploads\/2024\/07\/cropped-logo-sogelux-scaled-1.webp","contentUrl":"https:\/\/sogecom.sogelux.net\/wp-content\/uploads\/2024\/07\/cropped-logo-sogelux-scaled-1.webp","width":2560,"height":697,"caption":"Sogecom"},"image":{"@id":"https:\/\/sogecom.sogelux.net\/#\/schema\/logo\/image\/"},"sameAs":["https:\/\/www.facebook.com\/p\/Sogelux-100050365376293\/?locale=fr_FR","https:\/\/www.instagram.com\/sogelux.ci\/","https:\/\/ci.linkedin.com\/company\/sogelux"]}]}},"_links":{"self":[{"href":"https:\/\/sogecom.sogelux.net\/index.php?rest_route=\/wp\/v2\/product\/2581","targetHints":{"allow":["GET"]}}],"collection":[{"href":"https:\/\/sogecom.sogelux.net\/index.php?rest_route=\/wp\/v2\/product"}],"about":[{"href":"https:\/\/sogecom.sogelux.net\/index.php?rest_route=\/wp\/v2\/types\/product"}],"replies":[{"embeddable":true,"href":"https:\/\/sogecom.sogelux.net\/index.php?rest_route=%2Fwp%2Fv2%2Fcomments&post=2581"}],"wp:featuredmedia":[{"embeddable":true,"href":"https:\/\/sogecom.sogelux.net\/index.php?rest_route=\/wp\/v2\/media\/2582"}],"wp:attachment":[{"href":"https:\/\/sogecom.sogelux.net\/index.php?rest_route=%2Fwp%2Fv2%2Fmedia&parent=2581"}],"wp:term":[{"taxonomy":"product_cat","embeddable":true,"href":"https:\/\/sogecom.sogelux.net\/index.php?rest_route=%2Fwp%2Fv2%2Fproduct_cat&post=2581"},{"taxonomy":"product_tag","embeddable":true,"href":"https:\/\/sogecom.sogelux.net\/index.php?rest_route=%2Fwp%2Fv2%2Fproduct_tag&post=2581"}],"curies":[{"name":"wp","href":"https:\/\/api.w.org\/{rel}","templated":true}]}}